{"id":61,"date":"2023-09-22T14:02:35","date_gmt":"2023-09-22T14:02:35","guid":{"rendered":"https:\/\/henrykohler.de\/?page_id=61"},"modified":"2023-09-25T16:46:49","modified_gmt":"2023-09-25T16:46:49","slug":"leistungen","status":"publish","type":"page","link":"https:\/\/www.henrykohler.de\/index.php\/leistungen\/","title":{"rendered":"Leistungen"},"content":{"rendered":"\n<p>Gutachten zu allen medizinischen Fragestellungen auf Unfallchirurgischen, Orthop\u00e4dischen  und Rehabilitativen Fachgebieten<\/p>\n\n\n\n<p>Zusammenhangsgutachten, Rentengutachten f\u00fcr Berufsgenossenschaften und Unfallkassen<\/p>\n\n\n\n<p>Gutachten zu Berufserkrankungen des Bewegungsapparates<\/p>\n\n\n\n<p>Gutachten zu allen Verkehrsmedizinischen Fragestellungen aller F\u00fchrerschein Klassen,<\/p>\n\n\n\n<p>In Kooperation mit der Fahrschule Klaus Ludwigshafen: PKW, Zweirad, Bus, LKW<\/p>\n\n\n\n<p>Gutachten f\u00fcr Haftpflichtversicherungen, Unfallversicherungen, Berufsunf\u00e4higkeitsversicherungen und Gerichte<\/p>\n\n\n\n<p>Heilverfahrenskontrollen und Sprechstunden mit Reha Managern<\/p>\n","protected":false},"excerpt":{"rendered":"<p>Gutachten zu allen medizinischen Fragestellungen auf Unfallchirurgischen, Orthop\u00e4dischen und Rehabilitativen Fachgebieten Zusammenhangsgutachten, Rentengutachten f\u00fcr Berufsgenossenschaften und Unfallkassen Gutachten zu Berufserkrankungen des Bewegungsapparates Gutachten zu allen Verkehrsmedizinischen Fragestellungen aller F\u00fchrerschein Klassen, In Kooperation mit der Fahrschule Klaus Ludwigshafen: PKW, Zweirad, Bus, LKW Gutachten f\u00fcr Haftpflichtversicherungen, Unfallversicherungen, Berufsunf\u00e4higkeitsversicherungen und Gerichte Heilverfahrenskontrollen und Sprechstunden mit Reha Managern<\/p>\n","protected":false},"author":1,"featured_media":0,"parent":0,"menu_order":0,"comment_status":"closed","ping_status":"closed","template":"","meta":{"footnotes":""},"class_list":["post-61","page","type-page","status-publish","hentry"],"_links":{"self":[{"href":"https:\/\/www.henrykohler.de\/index.php\/wp-json\/wp\/v2\/pages\/61","targetHints":{"allow":["GET"]}}],"collection":[{"href":"https:\/\/www.henrykohler.de\/index.php\/wp-json\/wp\/v2\/pages"}],"about":[{"href":"https:\/\/www.henrykohler.de\/index.php\/wp-json\/wp\/v2\/types\/page"}],"author":[{"embeddable":true,"href":"https:\/\/www.henrykohler.de\/index.php\/wp-json\/wp\/v2\/users\/1"}],"replies":[{"embeddable":true,"href":"https:\/\/www.henrykohler.de\/index.php\/wp-json\/wp\/v2\/comments?post=61"}],"version-history":[{"count":2,"href":"https:\/\/www.henrykohler.de\/index.php\/wp-json\/wp\/v2\/pages\/61\/revisions"}],"predecessor-version":[{"id":103,"href":"https:\/\/www.henrykohler.de\/index.php\/wp-json\/wp\/v2\/pages\/61\/revisions\/103"}],"wp:attachment":[{"href":"https:\/\/www.henrykohler.de\/index.php\/wp-json\/wp\/v2\/media?parent=61"}],"curies":[{"name":"wp","href":"https:\/\/api.w.org\/{rel}","templated":true}]}}